e
Is 245183 prime?
True
Is 216667 prime?
False
Is 22901 a prime number?
True
Is 34981 composite?
False
Is 5039 prime?
True
Is 125611 composite?
True
Is 202465 prime?
False
Is 5161 composite?
True
Is 2531 a composite number?
False
Is 48017 a composite number?
False
Is 3377 a composite number?
True
Is 568433 prime?
True
Is 44617 a prime number?
True
Is 26311 a composite number?
True
Is 13649 a prime number?
True
Is 1169281 prime?
True
Is 425927 a composite number?
True
Is 10369 a composite number?
False
Is 60821 composite?
False
Is 229393 composite?
False
Is 7039 a composite number?
False
Is 44177 a composite number?
True
Is 666727 composite?
False
Is 90887 a composite number?
False
Is 89221 prime?
False
Is 28369 a composite number?
True
Is 349291 prime?
True
Is 1521867 composite?
True
Is 11597 a prime number?
True
Is 29947 a composite number?
False
Is 11283 prime?
False
Is 447311 composite?
False
Is 26139 a prime number?
False
Is 229651 composite?
True
Is 589109 composite?
False
Is 121567 prime?
False
Is 7559 composite?
False
Is 2657 a prime number?
True
Is 1154845 composite?
True
Is 69313 a composite number?
False
Is 4608363 a composite number?
True
Is 22901 a prime number?
True
Is 210979 a composite number?
True
Is 21899 prime?
False
Is 18251 prime?
True
Is 4757 composite?
True
Is 3203 prime?
True
Is 654677 composite?
True
Is 49261 prime?
True
Is 144851 prime?
False
Is 261109 a composite number?
True
Is 149671 a prime number?
False
Is 17509 a prime number?
True
Is 4183 a composite number?
True
Is 22987 a composite number?
True
Is 1521547 composite?
False
Is 166223 a prime number?
False
Is 283267 composite?
False
Is 216797 a composite number?
True
Is 23227 a prime number?
True
Is 1176313 composite?
True
Is 25523 prime?
True
Is 2038915 a prime number?
False
Is 9517 a prime number?
False
Is 1008835 composite?
True
Is 1346207 a prime number?
False
Is 138279 composite?
True
Is 860005 a composite number?
True
Is 8885 a prime number?
False
Is 658493 a composite number?
True
Is 19967 a prime number?
False
Is 2021 prime?
False
Is 146879 prime?
False
Is 1019627 prime?
False
Is 37397 a prime number?
True
Is 59507 prime?
False
Is 337397 composite?
False
Is 99307 a composite number?
True
Is 614551 a composite number?
True
Is 634 a prime number?
False
Is 50657 composite?
True
Is 363235 a prime number?
False
Is 23461 a prime number?
False
Is 1739 a prime number?
False
Is 176867 composite?
True
Is 123803 a composite number?
False
Is 857863 composite?
True
Is 74653 a composite number?
False
Is 1763 a prime number?
False
Is 174569 a composite number?
False
Is 271807 a composite number?
False
Is 87179 a composite number?
False
Is 499594 a composite number?
True
Is 25621 a prime number?
True
Is 19349 a prime number?
False
Is 31091 a prime number?
True
Is 3967 a composite number?
False
Is 53987 composite?
False
Is 620111 a prime number?
True
Is 133 a composite number?
True
Is 13285 a composite number?
True
Is 4481 a composite number?
False
Is 3551 composite?
True
Is 300719 prime?
True
Is 1060589 composite?
False
Is 3481 prime?
False
Is 1642 a composite number?
True
Is 10301 a composite number?
False
Is 36467 prime?
True
Is 398459 a composite number?
False
Is 19609 composite?
False
Is 319673 prime?
True
Is 1799 a prime number?
False
Is 587 a prime number?
True
Is 450943 a prime number?
True
Is 129917 a composite number?
False
Is 127 prime?
True
Is 177739 composite?
False
Is 39473 a prime number?
False
Is 5354 a prime number?
False
Is 12893 a composite number?
False
Is 70402 a prime number?
False
Is 26853 a composite number?
True
Is 191791 prime?
True
Is 2171 prime?
False
Is 12451 a composite number?
False
Is 110161 prime?
True
Is 2058211 prime?
True
Is 135781 prime?
True
Is 26797 a composite number?
True
Is 32698 prime?
False
Is 64063 a prime number?
True
Is 224279 composite?
True
Is 25247 composite?
False
Is 5971 a prime number?
False
Is 6709 a prime number?
True
Is 124951 prime?
True
Is 155247 a prime number?
False
Is 47438 prime?
False
Is 34913 composite?
False
Is 51131 a prime number?
True
Is 122677 composite?
True
Is 674057 a prime number?
True
Is 7009 a composite number?
True
Is 653 composite?
False
Is 7133 prime?
False
Is 24623 a prime number?
True
Is 36611 a composite number?
True
Is 1171 a composite number?
False
Is 64373 prime?
True
Is 2876219 prime?
False
Is 1781 composite?
True
Is 22343 composite?
False
Is 14461 prime?
True
Is 511691 a prime number?
True
Is 743 a prime number?
True
Is 154799 composite?
False
Is 38881 a composite number?
True
Is 18021 a prime number?
False
Is 3326 composite?
True
Is 19445 a prime number?
False
Is 790649 a prime number?
True
Is 157 a prime number?
True
Is 127469 a composite number?
True
Is 1777 a prime number?
True
Is 11539 prime?
False
Is 75549 a prime number?
False
Is 1054321 a composite number?
False
Is 9777919 prime?
True
Is 182893 a prime number?
True
Is 3755 a prime number?
False
Is 129257 a composite number?
True
Is 364817 a composite number?
True
Is 42781 a composite number?
True
Is 2823 prime?
False
Is 88915 composite?
True
Is 16327 a prime number?
False
Is 377 composite?
True
Is 115457 a prime number?
False
Is 432319 a prime number?
False
Is 1563661 prime?
False
Is 24329 composite?
False
Is 2147315 prime?
False
Is 122887 a composite number?
False
Is 411 a prime number?
False
Is 1266717 a prime number?
False
Is 1973 a prime number?
True
Is 136237 a prime number?
True
Is 583591 a prime number?
False
Is 125635 composite?
True
Is 17219 a prime number?
False
Is 503002 composite?
True
Is 37589 composite?
False
Is 12889 a composite number?
False
Is 559799 a composite number?
False
Is 11549 composite?
False
Is 34631 a composite number?
False
Is 13303 a composite number?
True
Is 788855 a composite number?
True
Is 41161 prime?
True
Is 1019237 a composite number?
False
Is 2674013 a composite number?
False
Is 21785 a composite number?
True
Is 2503283 composite?
False
Is 745 composite?
True
Is 305693 a prime number?
False
Is 3027 a composite number?
True
Is 80351 a composite number?
True
Is 435709 a prime number?
True
Is 2764949 a composite number?
True
Is 650995 a prime number?
False
Is 44819 a prime number?
True
Is 52361 composite?
False
Is 67339 a composite number?
False
Is 564089 a composite number?
False
Is 365411 a composite number?
False
Is 4269 composite?
True
Is 31343 prime?
False
Is 5147 prime?
True
Is 469969 prime?
True
Is 615521 prime?
True
Is 4327 a prime number?
True
Is 8887 composite?
False
Is 1259 a composite number?
False
Is 66989 composite?
True
Is 2450219 composite?
False
Is 601495 a prime number?
False
Is 14923 a composite number?
False
Is 49891 prime?
True
Is 50221 a composite number?
False
Is 3428489 a prime number?
True
Is 109507 a composite number?
False
Is 302713 a prime number?
False
Is 44983 a composite number?
False
Is 141727 composite?
True
Is 24233 composite?
True
Is 316786 a prime number?
False
Is 9655 prime?
False
Is 32119 prime?
True
Is 60317 prime?
True
Is 14851 a composite number?
False
Is 32317 a composite number?
True
Is 7039 a prime number?
True
Is 51079 a prime number?
False
Is 378223 prime?
True
Is 728809 a prime number?
True
Is 813361 prime?
True
Is 23347 a composite number?
True
Is 88463 prime?
True
Is 105681 a composite number?
True
Is 2045311 a composite number?
False
Is 205769 composite?
True
Is 2477 composite?
False
Is 110543 a prime number?
True
Is 378181 prime?
False
Is 7069 prime?
True
Is 25387 composite?
True
Is 331423 prime?
True
Is 82129 a composite number?
False
Is 5779 composite?
False
Is 425797 prime?
False
Is 71777 prime?
True
Is 461507 composite?
False
Is 16663 composite?
True
Is 424889 composite?
False
Is 1177237 a composite number?
False
Is 23543 a composite number?
True
Is 713077 composite?
False
Is 1901 a composite number?
False
Is 3593 composite?
False
Is 158189 prime?
True
Is 41887 composite?
False
Is 444601 composite?
True
Is 319853 a composite number?
True
Is 88915 a prime number?
False
Is 9199 a composite number?
False
Is 262103 a prime number?
True
Is 4421 a prime number?
True
Is 110327 composite?
True
Is 9469 prime?
False
Is 89443 composite?
False
Is 2413 a prime number?
False
Is 6863 a composite number?
False
Is 16741 composite?
False
Is 12778 composi